{"id":807,"date":"2014-11-12T08:11:58","date_gmt":"2014-11-12T08:11:58","guid":{"rendered":"http:\/\/demo.oceanthemes.net\/ananke\/?page_id=275"},"modified":"2021-03-19T09:48:02","modified_gmt":"2021-03-19T09:48:02","slug":"home-slider-light-2","status":"publish","type":"page","link":"https:\/\/www.armetal.org\/","title":{"rendered":"ANA SAYFA"},"content":{"rendered":"<p>[vc_row extra_id=&#8221;home&#8221; fullwidth=&#8221;yes&#8221;][vc_column][rev_slider_vc alias=&#8221;home-slider&#8221;]<a class=\"scroll\" href=\"#hakkimizda\"><div  class=\"scroll-btn tipped\" data-title=\"HAKKIMIZDA\"><\/div><\/a>[\/vc_column][\/vc_row][vc_row full_height=&#8221;yes&#8221; columns_placement=&#8221;top&#8221; extra_id=&#8221;hakkimizda&#8221; ses_title=&#8221;HAKKIMIZDA&#8221; css=&#8221;.vc_custom_1616101140784{padding-top: 40px !important;padding-bottom: 40px !important;background-color: #ffffff !important;}&#8221;][vc_column wap_id=&#8221;#hakkimizda&#8221;][vc_column_text el_id=&#8221;hakkimizda&#8221;]<\/p>\n<p style=\"text-align: center;\"><strong>ARMETAL MONTAJ 1994 y\u0131l\u0131nda Gebze Sanayi B\u00f6lgesinde kurulmu\u015f olup, kapal\u0131 alan\u0131 8000 m2\u2019dir.<\/strong><\/p>\n<p style=\"text-align: center;\">Firmam\u0131z\u0131n deneyimli ve kararl\u0131 y\u00f6netimi, tecr\u00fcbeli teknik ve idari personelleri, planlamas\u0131 ile birlikte, \u00fcretimin t\u00fcm a\u015famalar\u0131nda m\u00fc\u015fterilerimiz ile yak\u0131n bir \u00e7al\u0131\u015fma i\u00e7erisinde olup, en karma\u015f\u0131k taleplerde arzu edilen sonu\u00e7lar\u0131 elde etmektedir.<\/p>\n<p style=\"text-align: center;\">Kaliteli ve zaman\u0131nda \u00fcretim \u015feklimiz ile hem yurti\u00e7inde hem de yurtd\u0131\u015f\u0131nda g\u00fcvene dayal\u0131 m\u00fc\u015fteri potansiyelimiz olu\u015fmu\u015ftur.<\/p>\n<p style=\"text-align: center;\">Kaliteli \u00fcretimin gerekliliklerini yerine getirebilmek ve m\u00fc\u015fteri memnuniyetini sa\u011flayabilmek i\u00e7in uluslararas\u0131 standartlara uygun \u00fcretim yapmaktay\u0131z. \u00dcretimimizi yaparken i\u015f g\u00fcvenli\u011fi ve \u00e7evre politikalar\u0131na son derece duyarl\u0131y\u0131z.<\/p>\n<p>[\/vc_column_text][\/vc_column][vc_column width=&#8221;1\/3&#8243; column_effect=&#8221;topmove&#8221;]\t\n\t<div class=\"about-what-we-do\" data-scrollreveal=\"enter bottom and move 150px over 1s\">\n\t\t<div class=\"icon-left1\"><i class=\"fa fa-fas fa-users\"><\/i><\/div>\n\t\t<h5>PERSONEL<\/h5>\n\t\t<p>Beyaz Yaka Personel Say\u0131s\u0131 : 38<br \/>\nMavi Yaka Personel Say\u0131s\u0131 : 151<\/p>\n\t<\/div>\n\n[\/vc_column][vc_column width=&#8221;1\/3&#8243;]\t\n\t<div class=\"about-what-we-do\" data-scrollreveal=\"enter bottom and move 150px over 1s\">\n\t\t<div class=\"icon-left1\"><i class=\"fa fa-fas fa-cogs\"><\/i><\/div>\n\t\t<h5>\u00dcRET\u0130M<\/h5>\n\t\t<p>\u0130malat\u0131m\u0131zda ayl\u0131k 500 ton \u00e7elik malzeme i\u015flenmektedir.<\/p>\n\t<\/div>\n\n[\/vc_column][vc_column width=&#8221;1\/3&#8243;]\t\n\t<div class=\"about-what-we-do\" data-scrollreveal=\"enter bottom and move 150px over 1s\">\n\t\t<div class=\"icon-left1\"><i class=\"fa fa-fas fa-file\"><\/i><\/div>\n\t\t<h5>SERT\u0130F\u0130KA<\/h5>\n\t\t<p>Firmam\u0131z ISO 9001-2015, ISO 14001-2015, ISO 45001-2018 ve TS EN ISO-3834-2 sertifikalar\u0131na sahiptir.<\/p>\n\t<\/div>\n\n[\/vc_column][\/vc_row][vc_row extra_id=&#8221;sertifika&#8221; ses_title=&#8221;SERT\u0130F\u0130KALARIMIZ&#8221; css=&#8221;.vc_custom_1616101153671{padding-top: 40px !important;padding-bottom: 40px !important;background-color: #f7f7f7 !important;}&#8221; el_class=&#8221;sertifika&#8221;][vc_column width=&#8221;1\/4&#8243;][vc_single_image source=&#8221;external_link&#8221; external_img_size=&#8221;460&#215;676&#8243; alignment=&#8221;center&#8221; external_style=&#8221;vc_box_shadow_3d&#8221; onclick=&#8221;link_image&#8221; css_animation=&#8221;fadeIn&#8221; custom_src=&#8221;https:\/\/www.armetal.org\/wp-content\/uploads\/2021\/03\/ISO-9001-2015-1.jpg&#8221; caption=&#8221;ISO-9001-2015&#8243;][\/vc_column][vc_column width=&#8221;1\/4&#8243;][vc_single_image source=&#8221;external_link&#8221; external_img_size=&#8221;460&#215;676&#8243; alignment=&#8221;center&#8221; external_style=&#8221;vc_box_shadow_3d&#8221; onclick=&#8221;link_image&#8221; css_animation=&#8221;fadeIn&#8221; custom_src=&#8221;https:\/\/www.armetal.org\/wp-content\/uploads\/2021\/03\/ISO-14001-2015.jpg&#8221; caption=&#8221;\u00c7EVRE Y\u00d6NET\u0130M\u0130&#8221;][\/vc_column][vc_column width=&#8221;1\/4&#8243;][vc_single_image source=&#8221;external_link&#8221; external_img_size=&#8221;460&#215;676&#8243; alignment=&#8221;center&#8221; external_style=&#8221;vc_box_shadow_3d&#8221; onclick=&#8221;link_image&#8221; css_animation=&#8221;fadeIn&#8221; custom_src=&#8221;https:\/\/www.armetal.org\/wp-content\/uploads\/2021\/03\/ISO-45001-2018.jpg&#8221; caption=&#8221;\u0130\u015e SA\u011eLI\u011eI VE G\u00dcVENL\u0130\u011e\u0130 Y\u00d6NET\u0130M\u0130&#8221;][\/vc_column][vc_column width=&#8221;1\/4&#8243;][vc_single_image source=&#8221;external_link&#8221; external_img_size=&#8221;460&#215;676&#8243; alignment=&#8221;center&#8221; external_style=&#8221;vc_box_shadow_3d&#8221; onclick=&#8221;link_image&#8221; css_animation=&#8221;fadeIn&#8221; custom_src=&#8221;https:\/\/www.armetal.org\/wp-content\/uploads\/2021\/03\/TS-EN-ISO-3834-2-1.jpg&#8221; caption=&#8221;TS EN ISO 3834-2&#8243;][\/vc_column][\/vc_row][vc_row extra_id=&#8221;urunler&#8221; ses_title=&#8221;\u00dcR\u00dcNLER&#8221; ses_sub_title=&#8221;YAPTI\u011eIMIZ \u00dcR\u00dcN VE H\u0130ZMETLER&#8221; fullwidth=&#8221;yes&#8221; el_class=&#8221;urunler&#8221; css=&#8221;.vc_custom_1616101545856{padding-top: 40px !important;padding-bottom: 40px !important;background-color: #e5e5e5 !important;}&#8221;][vc_column]\n    <div class=\"clear\"><\/div>\n    <div class=\"portfolio\"><\/div>\n\t<div class=\"expander-wrap relative\">\n\t\t<div id=\"expander-wrap\">\n\t\t\t<p class=\"cls-btn\"><a class=\"close\">X<\/a><\/p>\n\t\t\t<div class=\"expander-inner\"><\/div>\n\t\t<\/div>\n\t<\/div>\t\n\t<div class=\"clear\"><\/div>\t\t\t\n\t<div class=\"container\">\n\t\t<div class=\"twelve columns\">\n\t\t\t<div id=\"portfolio-filter\">\n\t\t\t\t<ul id=\"filter\">\n\t\t\t\t\t<li><a href=\"#\" class=\"current\" data-filter=\"*\" title=\"\">Show All<\/a><\/li>\n\t\t\t\t\t\t\t\t\t\t\t<li><a href=\"#\" data-filter=\".dalgaduvar\">DALGA DUVAR<\/a><\/li>\n\t\t\t\t\t\t\t\t\t\t\t<li><a href=\"#\" data-filter=\".duzduvarli\">D\u00dcZ DUVARLI<\/a><\/li>\n\t\t\t\t\t\t\t\t\t\t\t<li><a href=\"#\" data-filter=\".hizmetlerimiz\">H\u0130ZMETLER\u0130M\u0130Z<\/a><\/li>\n\t\t\t\t\t\t\t\t\t\t\t<li><a href=\"#\" data-filter=\".kalite\">KAL\u0130TE<\/a><\/li>\n\t\t\t\t\t\t\t\t\t<\/ul>\n\t\t\t<\/div>\n\t\t<\/div>\n\t<\/div>\n\t<ul class=\"portfolio-wrap pf_full_width pf_3_cols\">\n\t\t\t\t<li class=\"portfolio-box dalgaduvar \">\t\n\t\t\t<a class=\"expander\" href=\"https:\/\/www.armetal.org\/index.php\/portfolio\/dalga-duvarli\/\" title=\"\">\n\t\t\t\t\t\t\t\t<img src=\"https:\/\/www.armetal.org\/wp-content\/uploads\/bfi_thumb\/trafo-kazan-3bi1uk7io19s0xyqxadslc.jpg\" alt=\"\" \/>\t\n\t\t\t\t<div class=\"mask\"><\/div>\n\t\t\t\t<h4>DALGA DUVARLI KAZAN<\/h4>\n\t\t\t<\/a>\t\n\t\t\t\t\t\t\t<a class=\"fancybox-effects-d\" href=\"https:\/\/www.armetal.org\/wp-content\/uploads\/2020\/08\/trafo-kazan.jpg\" title=\"\">\n\t\t\t\t\t<div class=\"fancybox-button\">&#xf106;<\/div>\n\t\t\t\t<\/a>\n\t\t\t\t\n\t\t<\/li>\n\t\t\t\t<li class=\"portfolio-box duzduvarli \">\t\n\t\t\t<a class=\"expander\" href=\"https:\/\/www.armetal.org\/index.php\/portfolio\/duz-duvarli\/\" title=\"\">\n\t\t\t\t\t\t\t\t<img src=\"https:\/\/www.armetal.org\/wp-content\/uploads\/bfi_thumb\/trafo-kazan-2-3bi1ub1b8od15eh3t1vxfk.jpg\" alt=\"\" \/>\t\n\t\t\t\t<div class=\"mask\"><\/div>\n\t\t\t\t<h4>D\u00dcZ DUVARLI KAZAN<\/h4>\n\t\t\t<\/a>\t\n\t\t\t\t\t\t\t<a class=\"fancybox-effects-d\" href=\"https:\/\/www.armetal.org\/wp-content\/uploads\/2020\/08\/trafo-kazan-2.jpg\" title=\"\">\n\t\t\t\t\t<div class=\"fancybox-button\">&#xf106;<\/div>\n\t\t\t\t<\/a>\n\t\t\t\t\n\t\t<\/li>\n\t\t\t\t<li class=\"portfolio-box kalite \">\t\n\t\t\t<a class=\"expander\" href=\"https:\/\/www.armetal.org\/index.php\/portfolio\/kalite\/\" title=\"\">\n\t\t\t\t\t\t\t\t<img src=\"https:\/\/www.armetal.org\/wp-content\/uploads\/bfi_thumb\/trafo-kazan-3-3bi1v2avu60w7xgae107pc.jpg\" alt=\"\" \/>\t\n\t\t\t\t<div class=\"mask\"><\/div>\n\t\t\t\t<h4>KAL\u0130TE<\/h4>\n\t\t\t<\/a>\t\n\t\t\t\t\t\t\t<a class=\"fancybox-effects-d\" href=\"https:\/\/www.armetal.org\/wp-content\/uploads\/2020\/08\/trafo-kazan-3.jpg\" title=\"\">\n\t\t\t\t\t<div class=\"fancybox-button\">&#xf106;<\/div>\n\t\t\t\t<\/a>\n\t\t\t\t\n\t\t<\/li>\n\t\t\t\t<li class=\"portfolio-box hizmetlerimiz \">\t\n\t\t\t<a class=\"expander\" href=\"https:\/\/www.armetal.org\/index.php\/portfolio\/yuzey-hazirlama-boya\/\" title=\"\">\n\t\t\t\t\t\t\t\t<img src=\"https:\/\/www.armetal.org\/wp-content\/uploads\/bfi_thumb\/boyama-3bi1v8ymfo9vii0hsxsyrk.jpg\" alt=\"\" \/>\t\n\t\t\t\t<div class=\"mask\"><\/div>\n\t\t\t\t<h4>Y\u00dcZEY HAZIRLAMA &#038; BOYA<\/h4>\n\t\t\t<\/a>\t\n\t\t\t\t\t\t\t<a class=\"fancybox-effects-d\" href=\"https:\/\/www.armetal.org\/wp-content\/uploads\/2020\/08\/boyama.jpg\" title=\"\">\n\t\t\t\t\t<div class=\"fancybox-button\">&#xf106;<\/div>\n\t\t\t\t<\/a>\n\t\t\t\t\n\t\t<\/li>\n\t\t\t\t<li class=\"portfolio-box hizmetlerimiz \">\t\n\t\t\t<a class=\"expander\" href=\"https:\/\/www.armetal.org\/index.php\/portfolio\/hizmetlerimiz\/\" title=\"\">\n\t\t\t\t\t\t\t\t<img src=\"https:\/\/www.armetal.org\/wp-content\/uploads\/bfi_thumb\/trafo-kazan-4-3bi1vgdi2xpzhd1xj1pngg.jpg\" alt=\"\" \/>\t\n\t\t\t\t<div class=\"mask\"><\/div>\n\t\t\t\t<h4>H\u0130ZMETLER\u0130M\u0130Z<\/h4>\n\t\t\t<\/a>\t\n\t\t\t\t\t\t\t<a class=\"fancybox-effects-d\" href=\"https:\/\/www.armetal.org\/wp-content\/uploads\/2020\/08\/trafo-kazan-4.jpg\" title=\"\">\n\t\t\t\t\t<div class=\"fancybox-button\">&#xf106;<\/div>\n\t\t\t\t<\/a>\n\t\t\t\t\n\t\t<\/li>\n\t\t\t\t<li class=\"portfolio-box dalgaduvar \">\t\n\t\t\t<a class=\"expander\" href=\"https:\/\/www.armetal.org\/index.php\/portfolio\/dalga-duvar\/\" title=\"\">\n\t\t\t\t\t\t\t\t<img src=\"https:\/\/www.armetal.org\/wp-content\/uploads\/bfi_thumb\/dalgaduvar-3cwfu1ew45jq6py21kx1xc.jpg\" alt=\"\" \/>\t\n\t\t\t\t<div class=\"mask\"><\/div>\n\t\t\t\t<h4>DALGA DUVAR \u00dcRET\u0130M\u0130<\/h4>\n\t\t\t<\/a>\t\n\t\t\t\t\t\t\t<a class=\"fancybox-effects-d\" href=\"https:\/\/www.armetal.org\/wp-content\/uploads\/2021\/03\/dalgaduvar.jpg\" title=\"\">\n\t\t\t\t\t<div class=\"fancybox-button\">&#xf106;<\/div>\n\t\t\t\t<\/a>\n\t\t\t\t\n\t\t<\/li>\n\t\t\t\t<li class=\"portfolio-box dalgaduvar \">\t\n\t\t\t<a class=\"expander\" href=\"https:\/\/www.armetal.org\/index.php\/portfolio\/dalga-duvar-2\/\" title=\"\">\n\t\t\t\t\t\t\t\t<img src=\"\" alt=\"\" \/>\t\n\t\t\t\t<div class=\"mask\"><\/div>\n\t\t\t\t<h4>DALGA DUVAR<\/h4>\n\t\t\t<\/a>\t\n\t\t\t\t\t\t\t<a class=\"fancybox-effects-d\" href=\"\" title=\"\">\n\t\t\t\t\t<div class=\"fancybox-button\">&#xf106;<\/div>\n\t\t\t\t<\/a>\n\t\t\t\t\n\t\t<\/li>\n\t\t\t<\/ul>\n\t\n[\/vc_column][\/vc_row][vc_row wrap_class=&#8221;yes&#8221; css=&#8221;.vc_custom_1615989623357{padding-top: 100px !important;padding-bottom: 100px !important;background-image: url(https:\/\/www.armetal.org\/wp-content\/uploads\/2021\/03\/backmaps.jpg?id=839) !important;background-position: center !important;background-repeat: no-repeat !important;background-size: cover !important;}&#8221;][vc_column width=&#8221;1\/3&#8243;]\t\n\t<div class=\"facts-wrap\">\n\t\t<div class=\"facts-wrap-num\"><span class=\"counter\">27<\/span><\/div>\n\t\t<h5>YILLIK TECR\u00dcBE<\/h5> \n\t<\/div>\n\n[\/vc_column][vc_column width=&#8221;1\/3&#8243;]\t\n\t<div class=\"facts-wrap\">\n\t\t<div class=\"facts-wrap-num\"><span class=\"counter\">25<\/span><\/div>\n\t\t<h5>M\u00dc\u015eTER\u0130<\/h5> \n\t<\/div>\n\n[\/vc_column][vc_column width=&#8221;1\/3&#8243;]\t\n\t<div class=\"facts-wrap\">\n\t\t<div class=\"facts-wrap-num\"><span class=\"counter\">14<\/span><\/div>\n\t\t<h5>\u00dcLKEYE \u0130HRACAT<\/h5> \n\t<\/div>\n\n[\/vc_column][\/vc_row][vc_row extra_id=&#8221;referans&#8221; ses_title=&#8221;REFERANSLARIMIZ&#8221; css=&#8221;.vc_custom_1616099219998{padding-top: 10px !important;padding-bottom: 10px !important;background-color: #ffffff !important;}&#8221; el_class=&#8221;referans&#8221;][vc_column][vc_raw_html]JTVCd3BhZnRfbG9nb19zbGlkZXIlNUQ=[\/vc_raw_html][\/vc_column][\/vc_row][vc_row extra_id=&#8221;iletisim&#8221; ses_title=&#8221;\u0130LET\u0130\u015e\u0130M&#8221; el_class=&#8221;iletisim&#8221;][vc_column width=&#8221;1\/3&#8243;]\t\n\t<div class=\"about-what-we-do\" data-scrollreveal=\"enter bottom and move 150px over 1s\">\n\t\t<div class=\"icon-left1\"><i class=\"fa fa-phone\"><\/i><\/div>\n\t\t<h5>Telefon<\/h5>\n\t\t<p style=\"text-align: left;\"><a href=\"tel:+902626437225\">Tel: +90 262 643 72 25<\/a><br \/>\nFaks:+90 262 646 42 81<\/p>\n\t<\/div>\n\n[\/vc_column][vc_column width=&#8221;1\/3&#8243;]\t\n\t<div class=\"about-what-we-do\" data-scrollreveal=\"enter bottom and move 150px over 1s\">\n\t\t<div class=\"icon-left1\"><i class=\"fa fa-fas fa-envelope\"><\/i><\/div>\n\t\t<h5>E-Posta:<\/h5>\n\t\t<p style=\"text-align: left;\"><a href=\"mailto:info@www.armetal.org\">info@www.armetal.org<\/a><\/p>\n\t<\/div>\n\n[\/vc_column][vc_column width=&#8221;1\/3&#8243;]\t\n\t<div class=\"about-what-we-do\" data-scrollreveal=\"enter bottom and move 150px over 1s\">\n\t\t<div class=\"icon-left1\"><i class=\"fa fa-map-marker\"><\/i><\/div>\n\t\t<h5>Adres:<\/h5>\n\t\t<p style=\"text-align: left;\">Sultan Orhan Mah. Ankara Caddesi<br \/>\nNo:1179 Sk. No:4, 41400<br \/>\nGebze\/KOCAEL\u0130<\/p>\n\t<\/div>\n\n[\/vc_column][\/vc_row][vc_row][vc_column][vc_gmaps link=&#8221;#E-8_JTNDaWZyYW1lJTIwc3JjJTNEJTIyaHR0cHMlM0ElMkYlMkZ3d3cuZ29vZ2xlLmNvbSUyRm1hcHMlMkZlbWJlZCUzRnBiJTNEJTIxMW0xOCUyMTFtMTIlMjExbTMlMjExZDI0MTY1LjI4NTA0Mjk3MTYyNyUyMTJkMjkuNDEzNTg1NDI4OTE1NjYzJTIxM2Q0MC43OTE0NzQ0Njc3NjA0MTYlMjEybTMlMjExZjAlMjEyZjAlMjEzZjAlMjEzbTIlMjExaTEwMjQlMjEyaTc2OCUyMTRmMTMuMSUyMTNtMyUyMTFtMiUyMTFzMHgxNGNiNTA4ZGIyMGYxOThmJTI1M0EweDg5NjZjYzVmNzU1OWFlZjglMjEyc0FybWV0YWwlMjUyME1vbnRhaiUyNTIwRWxla3RyaWslMjUyMEElMjVDNCUyNTlGYSUyNUMzJTI1QTclMjUyMFRhYWhoJTI1QzMlMjVCQ3QlMjUyMFNhbi4lMjUyMFRpYy4lMjUyMEx0ZC4lMjUyMCUyNUM1JTI1OUV0aS4lMjE1ZTAlMjEzbTIlMjExc3RyJTIxMnN0ciUyMTR2MTYxNTk4MjQzNTYyNSUyMTVtMiUyMTFzdHIlMjEyc3RyJTIyJTIwd2lkdGglM0QlMjI2MDAlMjIlMjBoZWlnaHQlM0QlMjI0NTAlMjIlMjBzdHlsZSUzRCUyMmJvcmRlciUzQTAlM0IlMjIlMjBhbGxvd2Z1bGxzY3JlZW4lM0QlMjIlMjIlMjBsb2FkaW5nJTNEJTIybGF6eSUyMiUzRSUzQyUyRmlmcmFtZSUzRQ==&#8221;][\/vc_column][\/vc_row]<\/p>\n","protected":false},"excerpt":{"rendered":"<p>[vc_row extra_id=&#8221;home&#8221; fullwidth=&#8221;yes&#8221;][vc_column][rev_slider_vc alias=&#8221;home-slider&#8221;][\/vc_column][\/vc_row][vc_row full_height=&#8221;yes&#8221; columns_placement=&#8221;top&#8221; extra_id=&#8221;hakkimizda&#8221; ses_title=&#8221;HAKKIMIZDA&#8221; css=&#8221;.vc_custom_1616101140784{padding-top: 40px !important;padding-bottom: 40px !important;background-color: #ffffff !important;}&#8221;][vc_column wap_id=&#8221;#hakkimizda&#8221;][vc_column_text el_id=&#8221;hakkimizda&#8221;] ARMETAL MONTAJ 1994 y\u0131l\u0131nda Gebze Sanayi B\u00f6lgesinde kurulmu\u015f olup, kapal\u0131 alan\u0131 8000 m2\u2019dir. Firmam\u0131z\u0131n deneyimli ve kararl\u0131 y\u00f6netimi, tecr\u00fcbeli teknik ve idari personelleri, planlamas\u0131 ile birlikte, \u00fcretimin t\u00fcm a\u015famalar\u0131nda m\u00fc\u015fterilerimiz ile yak\u0131n bir \u00e7al\u0131\u015fma i\u00e7erisinde olup, en karma\u015f\u0131k [&hellip;]<\/p>\n","protected":false},"author":1,"featured_media":0,"parent":0,"menu_order":0,"comment_status":"open","ping_status":"closed","template":"page-templates\/template-canvas.php","meta":[],"_links":{"self":[{"href":"https:\/\/www.armetal.org\/index.php\/wp-json\/wp\/v2\/pages\/807"}],"collection":[{"href":"https:\/\/www.armetal.org\/index.php\/wp-json\/wp\/v2\/pages"}],"about":[{"href":"https:\/\/www.armetal.org\/index.php\/wp-json\/wp\/v2\/types\/page"}],"author":[{"embeddable":true,"href":"https:\/\/www.armetal.org\/index.php\/wp-json\/wp\/v2\/users\/1"}],"replies":[{"embeddable":true,"href":"https:\/\/www.armetal.org\/index.php\/wp-json\/wp\/v2\/comments?post=807"}],"version-history":[{"count":40,"href":"https:\/\/www.armetal.org\/index.php\/wp-json\/wp\/v2\/pages\/807\/revisions"}],"predecessor-version":[{"id":983,"href":"https:\/\/www.armetal.org\/index.php\/wp-json\/wp\/v2\/pages\/807\/revisions\/983"}],"wp:attachment":[{"href":"https:\/\/www.armetal.org\/index.php\/wp-json\/wp\/v2\/media?parent=807"}],"curies":[{"name":"wp","href":"https:\/\/api.w.org\/{rel}","templated":true}]}}